ose 4*r + k = x, 5*r = x - 2*x - 8. Let a = x + -12. What are the prime factors of a?
5
Let p be 4/16 + 30/8. Suppose 0*o - p*o = 0. Suppose 5*j - b - 160 = o, -128 = -4*j - b + 2*b. What are the prime factors of j?
2
Suppose 3*u - 1368 - 84 = 0. What are the prime factors of u?
2, 11
Let h = -312 + 3046. List the prime factors of h.
2, 1367
Let t(y) be the second derivative of y**5/20 + 2*y**4/3 + y**2/2 - 4*y. What are the prime factors of t(-7)?
2, 5
Suppose 25 = 5*o + 2*y, -4*o + 10 - 23 = -5*y. Let p be 2 + -1 + 0 + o. Suppose 4*g = -0 - 4, -33 = -w - p*g. What are the prime factors of w?
37
Suppose -65*z = -68*z + 2820. List the prime factors of z.
2, 5, 47
Let v(c) = 57*c + 131. List the prime factors of v(23).
2, 7, 103
Suppose -2*o + 56 = -4*f + 22, 0 = 5*f + 2*o + 20. Let w(k) = -11*k + 6. List the prime factors of w(f).
2, 3
Let k be ((-15)/20)/(4/(-2496)). Suppose -2*n + 5*c + 465 = 0, -2*n + 2*c = -2*c - k. What are the prime factors of n?
2, 3, 5
Suppose 2*f - 7*f = 555. What are the prime factors of (-331)/(-7) + (f/21 - -5)?
47
Let w be (-36)/60 - (-3)/5. Suppose w*a = -a - 1, -4*d + 14 = 2*a. What are the prime factors of d?
2
Let i(b) = 18*b**2 + 14*b + 68. List the prime factors of i(-8).
2, 277
Let k = -93 - -586. List the prime factors of k.
17, 29
Let n(o) = -216*o + 94. What are the prime factors of n(-6)?
2, 5, 139
Let a be (3/2)/((-2)/(-8)). Suppose -48 = k - 2*k. List the prime factors of (k/(-20))/(a/(-100)).
2, 5
Suppose -s - 1 = -k + 3, -17 = -2*s - 3*k. Let y be -4*(-3)/(s + 5). What are the prime factors of 22 + ((-10)/y - -2)?
19
Suppose -42*n - 59649 = -235293. List the prime factors of n.
2, 3, 17, 41
Let m be (6/4)/((-60)/(-80)). List the prime factors of (348/m - (-2 + 2)) + 2.
2, 11
Suppose y = 6*d - 4*d + 26, 0 = -5*y - 3*d + 104. What are the prime factors of y?
2, 11
Let p = 1 + 9. Suppose p = 4*q + 2*x, 4*x = 5*q - 29 - 3. Suppose -q*w + 38 = -66. List the prime factors of w.
2, 13
Suppose 13*f - 46 - 10913 = 0. List the prime factors of f.
3, 281
Let n = 22 - 22. Suppose n*u - 110 = -2*u. What are the prime factors of u?
5, 11
Let g(v) = -v**3 - 9*v**2 - 8*v. Let c be 9/3 - 2 - -53. Let y be (-30)/(-4)*c/(-45). List the prime factors of g(y).
2, 3
Let b(m) be the first derivative of m**3/3 - m**2/2 - 2*m - 4. Suppose 2*w = -6 - 0. List the prime factors of b(w).
2, 5
Suppose -g + 710 + 1391 = 3*o, -4*g + 682 = o. List the prime factors of o.
2, 3, 13
Suppose 3*k = 3*n - 1638, 5*n + k = 955 + 1757. What are the prime factors of n?
3, 181
Suppose 7*l = 42 - 21. Suppose -l*u + 417 = -n - 462, -3*u - 5*n = -897. What are the prime factors of u?
2, 3, 7
What are the prime factors of (-2822)/(-8) - -7*(-7)/(-196)?
353
Suppose 14*c - 9*c - 20 = 0. Suppose c*j = -4*u + 476, -2*j = 4*u - 504 + 26. List the prime factors of u.
2, 3, 5
Suppose 4*z + 2*d = -42, 0*z - 4*z - 5*d - 51 = 0. Let l be (-2)/(-3) - 48/z. List the prime factors of (l/(-12))/((-1)/74).
37
Let s be (-2 - -2) + -4 + 4. Let y be s*(14/(-4))/7. Suppose -z - 2*z + 9 = y, -5*z + 45 = 3*w. What are the prime factors of w?
2, 5
Let r be 28/6*72/84. Let k(s) = 3*s + 5 + 3*s + r - 2*s. What are the prime factors of k(0)?
3
Let p(z) = 2*z - 18. Let m be p(12). Let n(d) be the second derivative of d**4/12 - d**3/6 - d**2 + 4*d. List the prime factors of n(m).
2, 7
Let u(m) = -m**3 - m + 54. Suppose 0*q + 4*q = -q. What are the prime factors of u(q)?
2, 3
Let n be 9/(-15) + 12/(-5). Let u be -1 - (5 + n) - -5. List the prime factors of (60/(-9))/(u/(-3)).
2, 5
Suppose 0 = 2*z + 4, -4*z - z - 16 = -3*q. Suppose -q*t - 5 = s + 1, s = 4*t + 12. Let w = t + 21. List the prime factors of w.
2, 3
List the prime factors of 7/21*(3 + 13857 - -6).
2, 2311
Let i(m) = 19*m - 5*m - 31 - 2*m + 18*m**2 + m**3. List the prime factors of i(-16).
17
List the prime factors of (6 + -6 + 222)*1.
2, 3, 37
Let n = 14 + -2. Let k = -17 - n. Let h = k - -49. What are the prime factors of h?
2, 5
What are the prime factors of ((-2)/(-6))/((-91572)/11448 - -8)?
2, 3, 53
Let u = -104 - -73. Let m = u + 40. What are the prime factors of m?
3
Suppose 4*t = -14*t + 54. Suppose 491 = 4*u + 5*b, -u + 137 = -b + t. List the prime factors of u.
3, 43
Let t(f) = -4*f - 13. Let o be t(-5). Let q(z) = z**3 - 5*z**2 - 8*z. List the prime factors of q(o).
2, 3, 7
Let q = 585 + 1083. List the prime factors of q.
2, 3, 139
Let j = 595 + 473. List the prime factors of j.
2, 3, 89
Suppose 5*q = r + 426 + 3041, q = 2*r + 688. List the prime factors of q.
2, 347
Suppose -15*x - 630 = -8*x. Suppose 11 - 3 = c. What are the prime factors of x/(-4) - 4/c?
2, 11
Suppose -2*l + 25 = 3*w - 79, 8 = 4*w. Let z = l + 0. List the prime factors of z.
7
Suppose -2*p = 3*q + 5463, -13595 = p + 4*p - 5*q. What are the prime factors of 12/9 + p/(-9)?
2, 19
Suppose -5*o + 5640 = 3*z - 3973, -2*o + z = -3843. List the prime factors of o.
2, 31
Suppose 0 = -t + 7*t + 24. Let u(h) = -11*h + 10. List the prime factors of u(t).
2, 3
What are the prime factors of (845*(-12)/(-100))/((-2)/(-10))?
3, 13
Let k = -60 + 54. What are the prime factors of 59 - (-1)/2*k?
2, 7
Suppose -23*j = -7728 - 37743. What are the prime factors of j?
3, 659
Let v = -2 - -18. What are the prime factors of 477/4 + (-4)/v?
7, 17
Let v(g) = -g + 9. Let o be v(5). Let q = 0 + o. Suppose 3*p - 5*x = -p + 84, q*p - 2*x = 84. What are the prime factors of p?
3, 7
Let p(w) = w**2 - 4*w + 4. Let j be p(4). Suppose -6*z + j*b + 17 = -5*z, -111 = -3*z - 3*b. What are the prime factors of z?
3, 11
Suppose 3*x + 0 = 3*i + 3, 2*x - 10 = -2*i. Suppose 0 = -5*a - z + 646, -i*a - 3*z + 390 = a. What are the prime factors of a?
3, 43
Suppose 5*m - 42*k + 45*k = 576, 2*k = 4*m - 474. List the prime factors of m.
3, 13
Let z(y) = y**3 + 4*y**2 - 4*y + 7. Let t be z(-5). Let b be (t/(-1))/(12/(-30)). Suppose 2*d = b*d - 138. List the prime factors of d.
2, 23
Suppose 3*j - 32 = 163. Let z = -1 + j. What are the prime factors of z?
2
Suppose 2*p + 514 - 3842 = -2*j, 6*p + 4*j = 9982. List the prime factors of p.
1663
What are the prime factors of 6/51 - 16114/(-17)?
2, 3, 79
Let j = 67 - 60. Suppose -12*t + 90 = -j*t. List the prime factors of t.
2, 3
Suppose 2*q + 3*v - 227 = 0, 4*q + 112 = -3*v + 551. Let c(g) = 2*g + 42. Let m be c(-8). Suppose 3*z - q = m. What are the prime factors of z?
2, 11
Let o(b) = -8*b**3 - 2*b**2 - 17*b - 23. List the prime factors of o(-5).
2, 11, 23
Suppose -666*o = -659*o - 26495. What are the prime factors of o?
5, 757
Let c(l) = l**3 - 2*l**2 - 23*l + 1. What are the prime factors of c(7)?
5, 17
Let a = -19 - -40. Let h = 78 + a. List the prime factors of h.
3, 11
Let o = 59 + -57. Suppose 0 = o*v - 5 - 5, 3*r - 3*v - 354 = 0. List the prime factors of r.
3, 41
Let w(s) = 8*s**2 + 51*s - 3. What are the prime factors of w(-18)?
3, 557
Suppose 0 = -2*o - 3*s - 6, -4*o - 3*s = -0*s + 6. List the prime factors of o + 0 - 7*-14.
2, 7
Let r(a) = -2*a**3 - 19*a**2 + 13*a - 28. What are the prime factors of r(-12)?
2, 67
Let z be (-1)/(-4) - (-592)/(-64). Let h = -12 - z. Let b(t) = -2*t + 3. List the prime factors of b(h).
3
Let m = -2 + 248. List the prime factors of m.
2, 3, 41
Suppose -5*h = j - 35, h + 5*j - 13 = 3*h. Suppose -h*q = -0*q - 1716. What are the prime factors of q?
2, 11, 13
Let b(q) = q**3 - 22*q**2 + 9*q - 1. What are the prime factors of b(24)?
1367
Let v = -436 + 1062. What are the prime factors of v?
2, 313
Suppose -2*f + f + 2*o = 35, 3*o = -9. Let q = f - -72. Suppose -2*p - 4*z = -4 - 24, -3*z = 4*p - q. List the prime factors of p.
2
Let y = -25 - -44. Let f = y - 12. List the prime factors of f.
7
Let k(s) = s**3 - 16*s**2 + 29*s - 17. Let w be k(15). Suppose -i = 2*d - w, i - 2*i = d - 188. What are the prime factors of i?
3, 61
Let g(o) = -9*o**3 + 2*o. Let t be g(2). Let u = t - -92. List the prime factors of u.
2, 3
Let l(k) = 107*k**3 - 3*k**2 + 1. List the prime factors of l(1).
3, 5, 7
Suppose 0 = 12*b - 478 - 3146. What are the prime factors of b?
2, 151
Let m(f) = 20*f**2 - 24*f + 6. What are the prime factors of m(-8)?
2, 739
Let m(y) = -y**3 + 6*y**2 + 11*y - 9. Let l be m(7). Let v = 25 - l. Suppose 0 = -v*w + 3*w + 15. List the prime factors of w.
5
List the prime factors of 4/(12/(-12) +